{"id":2,"date":"2018-02-27T18:41:12","date_gmt":"2018-02-27T17:41:12","guid":{"rendered":"http:\/\/localhost\/apsam\/?page_id=2"},"modified":"2018-04-23T20:04:29","modified_gmt":"2018-04-23T18:04:29","slug":"liens","status":"publish","type":"page","link":"https:\/\/www.apsam.be\/?page_id=2","title":{"rendered":"Liens"},"content":{"rendered":"<p class=\"Normal\"><a class=\"C-4\" href=\"http:\/\/blog-apsam.be\/\" target=\"_blank\" rel=\"noopener\">Blog de l\u2019APSAM<\/a><\/p>\n<h3 class=\"Normal\"><em><strong><span class=\"C-5\">F\u00e9d\u00e9rations musicales<\/span><\/strong><\/em><\/h3>\n<p class=\"Normal\"><span class=\"C-6\">USM (Union des Soci\u00e9t\u00e9s Musicales)\u00a0\u00a0<\/span><a class=\"C-7\" href=\"http:\/\/www.uniondessocietesmusicales.be\/\" target=\"_blank\" rel=\"noopener\">http:\/\/www.uniondessocietesmusicales.be<\/a><\/p>\n<p class=\"Normal\"><span class=\"C-6\">FMBF (F\u00e9d\u00e9ration Musicale du Brabant Wallon)\u00a0\u00a0<\/span><a class=\"C-7\" href=\"https:\/\/fmbwbe.wordpress.com\/\" target=\"_blank\" rel=\"noopener\">https:\/\/fmbwbe.wordpress.com\/<\/a><\/p>\n<p class=\"Normal\"><span class=\"C-6\">FMH (F\u00e9d\u00e9ration Musicale du Hainaut)\u00a0\u00a0<\/span><a class=\"C-7\" href=\"http:\/\/www.federationmusicalehainaut.be\/\" target=\"_blank\" rel=\"noopener\">http:\/\/www.federationmusicalehainaut.be\/<\/a><\/p>\n<p class=\"Normal\"><span class=\"C-6\">FMN (F\u00e9d\u00e9ration Musicale Royale de Namur)\u00a0\u00a0<\/span><a class=\"C-7\" href=\"http:\/\/fedemusinam.eu\/\" target=\"_blank\" rel=\"noopener\">http:\/\/fedemusinam.eu\/<\/a><\/p>\n<p class=\"Normal\"><span class=\"C-6\">FML (F\u00e9d\u00e9ration Musicale de Li\u00e8ge)\u00a0\u00a0<\/span><a class=\"C-7\" href=\"http:\/\/www.fml.be\/\" target=\"_blank\" rel=\"noopener\">http:\/\/www.fml.be\/<\/a><\/p>\n<p class=\"Normal\"><span class=\"C-6\">FMLB (F\u00e9d\u00e9ration Musicale du Luxembourg Belge)\u00a0\u00a0<\/span><a class=\"C-7\" href=\"http:\/\/www.fmlbe.eu\/\" target=\"_blank\" rel=\"noopener\">http:\/\/www.fmlbe.eu\/<\/a><\/p>\n<p class=\"Normal2\"><span class=\"C-6\">F\u00f6dekam (Musikverband F\u00f6dekam Ostbelgien VOG)\u00a0\u00a0<\/span><a class=\"C-7\" href=\"http:\/\/www.foedekam.be\/\" target=\"_blank\" rel=\"noopener\">http:\/\/www.foedekam.be\/<\/a><\/p>\n<h3 class=\"Normal2\"><em><strong><span class=\"C-5\">Tourn\u00e9es Art et Vie<\/span><\/strong><\/em><\/h3>\n<p class=\"Normal2\"><span class=\"C-6\">Catalogue\u00a0: \u00a0<\/span><a class=\"C-7\" href=\"http:\/\/www.creationartistique.cfwb.be\/index.php?id=7194&amp;no_cache=1\" target=\"_blank\" rel=\"noopener\">http:\/\/www.creationartistique.cfwb.be\/index.php?id=7194&amp;no_cache=1<\/a><\/p>\n<p class=\"Normal2\"><span class=\"C-6\">Conditions\u00a0: \u00a0<\/span><a class=\"C-7\" href=\"http:\/\/www.creationartistique.cfwb.be\/\" target=\"_blank\" rel=\"noopener\">http:\/\/www.creationartistique.cfwb.be\/<\/a><\/p>\n<h3 class=\"Normal2\"><em><strong><span class=\"C-5\">Divers<\/span><\/strong><\/em><\/h3>\n<p class=\"Normal2\"><span class=\"C-6\">UGDA (Union Grand-<wbr \/>Duc Adolphe)\u00a0\u00a0<\/span><a class=\"C-7\" href=\"http:\/\/www.ugda.lu\/DesktopDefault.aspx\" target=\"_blank\" rel=\"noopener\">http:\/\/www.ugda.lu\/DesktopDefault.aspx<\/a><\/p>\n<p class=\"Normal2\"><span class=\"C-6\">UMI (Union Musicale Interr\u00e9gionale)\u00a0\u00a0<\/span><a class=\"C-7\" href=\"http:\/\/www.ugda.lu\/DesktopDefault.aspx?tabid=224\" target=\"_blank\" rel=\"noopener\">http:\/\/www.ugda.lu\/DesktopDefault.aspx?tabid=224<\/a><\/p>\n<p class=\"Normal2\"><span class=\"C-6\">Province de Li\u00e8ge (Culture)\u00a0\u00a0<\/span><a class=\"C-7\" href=\"http:\/\/www.provincedeliege.be\/fr\/orientation\/13\" target=\"_blank\" rel=\"noopener\">http:\/\/www.provincedeliege.be\/fr\/orientation\/13<\/a><\/p>\n","protected":false},"excerpt":{"rendered":"<p>Blog de l\u2019APSAM F\u00e9d\u00e9rations musicales USM (Union des Soci\u00e9t\u00e9s Musicales)\u00a0\u00a0http:\/\/www.uniondessocietesmusicales.be FMBF (F\u00e9d\u00e9ration Musicale du Brabant Wallon)\u00a0\u00a0https:\/\/fmbwbe.wordpress.com\/ FMH (F\u00e9d\u00e9ration Musicale du Hainaut)\u00a0\u00a0http:\/\/www.federationmusicalehainaut.be\/ FMN (F\u00e9d\u00e9ration Musicale Royale de Namur)\u00a0\u00a0http:\/\/fedemusinam.eu\/ FML (F\u00e9d\u00e9ration Musicale de Li\u00e8ge)\u00a0\u00a0http:\/\/www.fml.be\/ FMLB (F\u00e9d\u00e9ration Musicale du Luxembourg Belge)\u00a0\u00a0http:\/\/www.fmlbe.eu\/ F\u00f6dekam (Musikverband F\u00f6dekam Ostbelgien VOG)\u00a0\u00a0http:\/\/www.foedekam.be\/ Tourn\u00e9es Art et Vie Catalogue\u00a0: \u00a0http:\/\/www.creationartistique.cfwb.be\/index.php?id=7194&amp;no_cache=1 Conditions\u00a0: \u00a0http:\/\/www.creationartistique.cfwb.be\/ Divers UGDA (Union Grand-Duc &#8230; <a title=\"Liens\" class=\"read-more\" href=\"https:\/\/www.apsam.be\/?page_id=2\" aria-label=\"En savoir plus sur Liens\">Lire la suite<\/a><\/p>\n","protected":false},"author":1,"featured_media":0,"parent":0,"menu_order":0,"comment_status":"closed","ping_status":"open","template":"","meta":{"_exactmetrics_skip_tracking":false,"_exactmetrics_sitenote_active":false,"_exactmetrics_sitenote_note":"","_exactmetrics_sitenote_category":0},"_links":{"self":[{"href":"https:\/\/www.apsam.be\/index.php?rest_route=\/wp\/v2\/pages\/2"}],"collection":[{"href":"https:\/\/www.apsam.be\/index.php?rest_route=\/wp\/v2\/pages"}],"about":[{"href":"https:\/\/www.apsam.be\/index.php?rest_route=\/wp\/v2\/types\/page"}],"author":[{"embeddable":true,"href":"https:\/\/www.apsam.be\/index.php?rest_route=\/wp\/v2\/users\/1"}],"replies":[{"embeddable":true,"href":"https:\/\/www.apsam.be\/index.php?rest_route=%2Fwp%2Fv2%2Fcomments&post=2"}],"version-history":[{"count":2,"href":"https:\/\/www.apsam.be\/index.php?rest_route=\/wp\/v2\/pages\/2\/revisions"}],"predecessor-version":[{"id":291,"href":"https:\/\/www.apsam.be\/index.php?rest_route=\/wp\/v2\/pages\/2\/revisions\/291"}],"wp:attachment":[{"href":"https:\/\/www.apsam.be\/index.php?rest_route=%2Fwp%2Fv2%2Fmedia&parent=2"}],"curies":[{"name":"wp","href":"https:\/\/api.w.org\/{rel}","templated":true}]}}