{"id":130,"date":"2018-03-17T16:05:18","date_gmt":"2018-03-17T15:05:18","guid":{"rendered":"http:\/\/localhost\/apsam\/?page_id=130"},"modified":"2022-03-04T09:46:09","modified_gmt":"2022-03-04T08:46:09","slug":"decorations","status":"publish","type":"page","link":"https:\/\/www.apsam.be\/?page_id=130","title":{"rendered":"Distinctions honorifiques"},"content":{"rendered":"<p>Les distinctions honorifiques peuvent \u00eatre demand\u00e9es aupr\u00e8s de :<\/p>\n<p>Monsieur Jean-No\u00ebl KOCH<br \/>\nRue Hubble, 12<br \/>\n4031 ANGLEUR<br \/>\nt\u00e9l : 0474\/66 01 89<br \/>\nE-mail : jeannoelkoch@gmail.com<\/p>\n<p><a href=\"https:\/\/www.apsam.be\/wp-content\/uploads\/2022\/03\/Formulaire-medailles.pdf\">Formulaire de demande de m\u00e9dailles PDF<\/a><\/p>\n<p><a href=\"https:\/\/www.apsam.be\/wp-content\/uploads\/2022\/03\/Formulaire-medailles.docx\">Formulaire de demande de m\u00e9dailles WORD<\/a><\/p>\n","protected":false},"excerpt":{"rendered":"<p>Les distinctions honorifiques peuvent \u00eatre demand\u00e9es aupr\u00e8s de : Monsieur Jean-No\u00ebl KOCH Rue Hubble, 12 4031 ANGLEUR t\u00e9l : 0474\/66 01 89 E-mail : jeannoelkoch@gmail.com Formulaire de demande de m\u00e9dailles PDF Formulaire de demande de m\u00e9dailles WORD<\/p>\n","protected":false},"author":1,"featured_media":0,"parent":107,"menu_order":0,"comment_status":"closed","ping_status":"closed","template":"","meta":{"_exactmetrics_skip_tracking":false,"_exactmetrics_sitenote_active":false,"_exactmetrics_sitenote_note":"","_exactmetrics_sitenote_category":0},"_links":{"self":[{"href":"https:\/\/www.apsam.be\/index.php?rest_route=\/wp\/v2\/pages\/130"}],"collection":[{"href":"https:\/\/www.apsam.be\/index.php?rest_route=\/wp\/v2\/pages"}],"about":[{"href":"https:\/\/www.apsam.be\/index.php?rest_route=\/wp\/v2\/types\/page"}],"author":[{"embeddable":true,"href":"https:\/\/www.apsam.be\/index.php?rest_route=\/wp\/v2\/users\/1"}],"replies":[{"embeddable":true,"href":"https:\/\/www.apsam.be\/index.php?rest_route=%2Fwp%2Fv2%2Fcomments&post=130"}],"version-history":[{"count":6,"href":"https:\/\/www.apsam.be\/index.php?rest_route=\/wp\/v2\/pages\/130\/revisions"}],"predecessor-version":[{"id":980,"href":"https:\/\/www.apsam.be\/index.php?rest_route=\/wp\/v2\/pages\/130\/revisions\/980"}],"up":[{"embeddable":true,"href":"https:\/\/www.apsam.be\/index.php?rest_route=\/wp\/v2\/pages\/107"}],"wp:attachment":[{"href":"https:\/\/www.apsam.be\/index.php?rest_route=%2Fwp%2Fv2%2Fmedia&parent=130"}],"curies":[{"name":"wp","href":"https:\/\/api.w.org\/{rel}","templated":true}]}}